- 132. Let m be q(25). Calculate the greatest common divisor of i and m.
18
Suppose 0 = 5*s - 1242 - 353. Suppose 5*r = 25, 13*o + 91 = 17*o - 5*r. Calculate the greatest common divisor of o and s.
29
Let q be (0 + -28)*9/(-21). Let c(f) = f**3 - f**2 + 43. Let k be c(0). Let u = k - 13. What is the highest common factor of u and q?
6
Let n(q) = -8*q - 4 - q - 20. Let v be n(-6). Calculate the greatest common factor of v and 10.
10
Suppose 4*d - 146 = -10. Let j = d - 24. What is the highest common divisor of 170 and j?
10
Let j be (564525/(-72))/(-13) + 4/(-32). Calculate the highest common divisor of j and 134.
67
Let j(n) = -n**3 - 15*n**2 - 64*n - 7. Let r be j(-5). What is the greatest common factor of r and 7?
7
Let d be ((-4)/1 - -7) + -1. Suppose 40 = d*w + 3*w. Suppose -9*o = -w*o - 3. Calculate the greatest common divisor of o and 3.
3
Let h(n) = -5*n - 135. Let u be h(-30). Calculate the highest common divisor of 5 and u.
5
Suppose 5*t - 185 = -u, -3*t + 454 = 5*u - 559. What is the highest common divisor of 328 and u?
41
Suppose 143*b - 137*b - 2310 = 0. What is the highest common factor of b and 35?
35
Suppose z - 11 - 85 = 0. Let y(i) = 2*i**2 + 38*i + 152. Let c be y(-5). What is the greatest common divisor of z and c?
12
Let o(f) = -24*f + 273. Let n be o(10). Calculate the highest common divisor of n and 561.
33
Let q be 2 + 2/(-4) - 112644/(-168). Calculate the highest common divisor of 96 and q.
96
Let l = -306 + 322. What is the highest common divisor of 40 and l?
8
Let d = -1093 - -1978. Calculate the highest common factor of 30 and d.
15
Let y = 1425 - 1377. Calculate the highest common divisor of y and 1128.
24
Let t be 4/18 + (-440)/(-45). Let p = 17 + -9. Let o be (4/p)/(3/240). What is the greatest common factor of t and o?
10
Let o be (-1)/(55/28 - 2). Suppose -16 = -4*v + o. Suppose 4*r - y = 349, -2*r + 209 - 18 = 5*y. What is the highest common factor of v and r?
11
Suppose 2*q + 16 = 4*q. Suppose -14 = -2*y + 10*d - 12*d, 3*d - 9 = 3*y. Calculate the greatest common factor of y and q.
2
Let s be (-4)/8*3*-2. Suppose -40 = -3*x + 4*j + 4, s*x - 28 = -4*j. Calculate the highest common factor of x and 72.
12
Let t be (3 - (-7 + 1)) + 1. Let k = 44 + -64. Let b = k + 25. Calculate the greatest common factor of b and t.
5
Suppose 328 = -2*l - 0*l - 2*m, 5*l + 856 = 4*m. Let z = 273 + l. Let n = 126 - 84. Calculate the greatest common divisor of n and z.
21
Let o(t) = 7*t**2 - 2*t - 7. Let v be o(-2). What is the greatest common factor of v and 50?
25
Suppose 35 = 8*f - 53. Suppose q + 176 = 3*q. Calculate the greatest common divisor of q and f.
11
Suppose x + 6 = 9. Suppose 0 = 4*s + b, 0*b = -2*s - 5*b - 18. What is the highest common divisor of x and s?
1
Suppose 4*l - 44 = 5*i + 81, i + 2*l = -39. Let b = 39 + i. What is the highest common divisor of b and 110?
10
Suppose -1 = -o + 2. Let t be 3 - ((-39)/o - 2). Suppose -2*z + 37 = -287. Calculate the greatest common factor of t and z.
18
Suppose 4*h - 56 = -2*z, -9*h + 13*h = -5*z + 56. What is the highest common divisor of 98 and h?
14
Let v = 1434 - 1399. What is the greatest common factor of v and 56?
7
Let z be (-3 + (5 - 1))*(50 - -2). What is the highest common factor of 4 and z?
4
Let i = -39 - -44. Suppose 0 = -i*y + 46 + 74. What is the highest common divisor of 12 and y?
12
Let x be ((-2670)/40)/(612/208 + -3). Calculate the greatest common divisor of x and 26.
13
Suppose -2*u - 52 = 3*h, -8*h + 84 = -4*u - 4*h. Let z = 43 + u. Let x = z + -16. Calculate the highest common divisor of x and 20.
4
Suppose 1892 + 2063 = 113*p. Let j be (0 - -2)/(-2)*-10. What is the highest common divisor of j and p?
5
Suppose q - 112 = -3*q. Let l(h) = h**2 - 2*h + 3. Let m be l(2). Suppose m*o - q = 17. What is the greatest common factor of o and 120?
15
Suppose d + 5 = 0, -3*b + 25 = -3*d + 4. Suppose 2*w - 6 = b. Calculate the highest common factor of w and 12.
4
Let j(l) = -2*l**2 - 2*l + 1. Let h be j(3). Let d = 33 + h. Let b = 10 + 0. What is the highest common factor of b and d?
10
Let c be 2*(-3)/(-12)*8. Suppose -144 - 276 = c*h. Let k = h + 177. What is the highest common factor of k and 48?
24
Suppose -75*b - 24*b + 3465 = 0. What is the greatest common factor of 35 and b?
35
Let w(l) = -2 + 3 + 2 - l - 5 + 12*l**2. Let t be w(2). Let g = 21 - 17. Calculate the highest common divisor of g and t.
4
Let l(h) = -h**2 + 12*h + 18. Let f be l(13). Suppose 0*k = 4*q - f*k - 45, k = 4*q - 41. Calculate the greatest common divisor of q and 10.
10
Suppose -6*v = 8*v + 252. Let g = -12 - v. Calculate the greatest common factor of 10 and g.
2
Let o(a) = a**3 + 9*a**2 - 6*a - 16. Let g be o(-8). What is the greatest common divisor of 64 and g?
32
Let f be (-5 + -15)*(-18)/15 - 4. What is the highest common factor of 116 and f?
4
Let j be -1*23/(184/(-960)). What is the greatest common factor of j and 16?
8
Let l(z) = 35*z**2 + 11*z - 1. Let t be l(1). What is the highest common factor of 15 and t?
15
Let p(o) = 8*o + 466. Let n be p(-57). What is the greatest common factor of n and 405?
5
Let f = -1174 + 1647. Calculate the greatest common factor of 11 and f.
11
Let u = 71 - -129. Calculate the highest common factor of u and 25.
25
Let n = -1116 + 1148. What is the highest common factor of n and 96?
32
Suppose -23*y - 456 = -31*y. Calculate the greatest common divisor of 228 and y.
57
Let c(w) = -11*w**3 - w**2 + 4*w. Let t be c(-4). Calculate the greatest common divisor of 42 and t.
42
Suppose 321*w - 320*w - 1674 = 0. What is the highest common factor of w and 54?
54
Let q(d) = 4*d**2 - 3*d + 3. Let h be q(3). Suppose -4*o + 232 = 4*t - 16, -5*o + 308 = 4*t. What is the greatest common divisor of h and o?
30
Let f = 36 + 20. What is the greatest common factor of 84 and f?
28
Suppose -3*k - 39 = -4*w + 19, -2*w = 3*k - 38. Suppose -u = 5*p, w = 2*u - 2*p - 8. Suppose -6*a = -2*a - 16. Calculate the highest common factor of u and a.
2
Suppose y - 48 = -4*x + 2*x, y + 48 = 2*x. Suppose -2*u + 2*d = -d - x, 102 = 5*u + 3*d. Calculate the highest common divisor of u and 6.
6
Let g(w) = -20*w**2 + 122*w + 18. Let m be g(6). What is the greatest common factor of m and 690?
30
Let t be (-82)/8 + (-2)/(-8). Let p = t - -6. Let m be (-16)/20*70/p. What is the greatest common divisor of m and 21?
7
Let z be 192/(-2016) + 1390/42. Let u = 19 + 3. What is the highest common factor of u and z?
11
Let b be (-56)/(-10) - ((-34)/10 + 3). Suppose -6 = -b*o + 72. What is the highest common divisor of o and 13?
13
Suppose 5*k = -3*a + 209, 5*k - 157 = -2*a - 11. Calculate the greatest common divisor of a and 14.
7
Suppose -4*k + 484 + 340 = -4*u, 5*u - 10 = 0. Calculate the highest common divisor of k and 32.
16
Let o(u) = -7*u**2 + 69*u + 14. Let h be o(10). Calculate the greatest common factor of h and 4.
4
Suppose -f - 33 = -3*u - 4*f, 0 = -5*u - 4*f + 52. Let k = u - 6. Suppose l = k*b + 18 - 0, -b = 3*l - 19. Calculate the greatest common divisor of 64 and l.
8
Let h(o) = -o**3 + 7*o**2 + 3*o + 3. Let f be h(8). Let c = 67 + f. Suppose 5*y - 195 - 105 = 0. Calculate the highest common divisor of c and y.
30
Suppose -5*g = -4*h - 31, -12 = -2*h + 5*h. Let q be (3/9)/((-1)/39). Let b = -4 - q. What is the highest common divisor of g and b?
3
Suppose g = -t + 41, 3*g = -2*t + 103 + 19. Calculate the greatest common divisor of 296 and g.
8
Suppose -3*s = g + 1 - 2, 9 = s - 4*g. Let h(n) = 4*n**3. Let r be h(s). Let f be (13 - (-6)/3) + 1. Calculate the highest common divisor of f and r.
4
Let p(m) be the third derivative of 5*m**4/24 - 17*m**3/3 + 12*m**2. Let i be p(18). Calculate the highest common factor of 7 and i.
7
Let d(q) = -q**3 - q**2 + q + 1. Let b be d(-3). Suppose -12*f = -b*f + 704. Suppose 5*v - f = v. Calculate the greatest common divisor of v and 110.
22
Suppose 8 = -3*z + 2. Let o(j) = -8*j + 1. Let h(r) = -7*r + 1. Let d(s) = z*o(s) + 3*h(s). Let y be d(-1). What is the highest common factor of y and 3?
3
Let k = -4 - -6. Suppose k*r + 350 = 12*r. Calculate the greatest common factor of r and 5.
5
Let l(n) = 2*n + 11. Suppose 3 - 9 = 2*r. Let k be (r - 15)*(-2)/3. Let w be l(k). Calculate the greatest common divisor of w and 7.
7
Suppose -3*q + 4*w + 7801 = 0, -4*q 